of 85116.
2, 3, 41, 173
What are the prime factors of 9482?
2, 11, 431
List the prime factors of 23312.
2, 31, 47
List the prime factors of 1604.
2, 401
List the prime factors of 1030.
2, 5, 103
What are the prime factors of 184255?
5, 43, 857
List the prime factors of 2900.
2, 5, 29
List the prime factors of 1318.
2, 659
What are the prime factors of 4335?
3, 5, 17
What are the prime factors of 91724?
2, 23, 997
What are the prime factors of 989?
23, 43
List the prime factors of 2142.
2, 3, 7, 17
List the prime factors of 128964.
2, 3, 11, 977
List the prime factors of 1249.
1249
List the prime factors of 6958.
2, 7, 71
What are the prime factors of 5223?
3, 1741
What are the prime factors of 1344?
2, 3, 7
What are the prime factors of 43520?
2, 5, 17
List the prime factors of 27182.
2, 13591
List the prime factors of 22163.
37, 599
List the prime factors of 162961.
107, 1523
What are the prime factors of 83783?
7, 11969
What are the prime factors of 3605?
5, 7, 103
List the prime factors of 53312.
2, 7, 17
List the prime factors of 5492.
2, 1373
List the prime factors of 64426.
2, 32213
What are the prime factors of 17211?
3, 5737
List the prime factors of 15981.
3, 7, 761
What are the prime factors of 1334?
2, 23, 29
What are the prime factors of 22092?
2, 3, 7, 263
List the prime factors of 11848.
2, 1481
What are the prime factors of 12211?
12211
List the prime factors of 13508.
2, 11, 307
List the prime factors of 417.
3, 139
List the prime factors of 1106.
2, 7, 79
List the prime factors of 85513.
85513
What are the prime factors of 2756?
2, 13, 53
What are the prime factors of 38447?
38447
List the prime factors of 26613.
3, 2957
List the prime factors of 2150.
2, 5, 43
What are the prime factors of 362?
2, 181
What are the prime factors of 13460?
2, 5, 673
List the prime factors of 36968.
2, 4621
What are the prime factors of 2672?
2, 167
What are the prime factors of 17967?
3, 53, 113
List the prime factors of 3978.
2, 3, 13, 17
List the prime factors of 1599.
3, 13, 41
List the prime factors of 619.
619
List the prime factors of 681.
3, 227
List the prime factors of 796.
2, 199
List the prime factors of 1860.
2, 3, 5, 31
List the prime factors of 25758.
2, 3, 53
What are the prime factors of 7433?
7433
List the prime factors of 10762.
2, 5381
What are the prime factors of 3949?
11, 359
List the prime factors of 133.
7, 19
What are the prime factors of 287?
7, 41
What are the prime factors of 3640?
2, 5, 7, 13
What are the prime factors of 29669?
29669
What are the prime factors of 2844?
2, 3, 79
What are the prime factors of 2772?
2, 3, 7, 11
List the prime factors of 8476.
2, 13, 163
What are the prime factors of 3700?
2, 5, 37
What are the prime factors of 121?
11
What are the prime factors of 63069?
3, 21023
List the prime factors of 628.
2, 157
What are the prime factors of 550?
2, 5, 11
What are the prime factors of 2206?
2, 1103
List the prime factors of 12314.
2, 47, 131
List the prime factors of 92780.
2, 5, 4639
List the prime factors of 5849.
5849
What are the prime factors of 8657?
11, 787
What are the prime factors of 20460?
2, 3, 5, 11, 31
What are the prime factors of 4088?
2, 7, 73
What are the prime factors of 9154?
2, 23, 199
What are the prime factors of 39576?
2, 3, 17, 97
List the prime factors of 1509.
3, 503
What are the prime factors of 95658?
2, 3, 107, 149
List the prime factors of 16778.
2, 8389
List the prime factors of 178.
2, 89
What are the prime factors of 23?
23
What are the prime factors of 2594?
2, 1297
What are the prime factors of 430?
2, 5, 43
What are the prime factors of 3855?
3, 5, 257
List the prime factors of 2954.
2, 7, 211
What are the prime factors of 10914?
2, 3, 17, 107
What are the prime factors of 10458?
2, 3, 7, 83
List the prime factors of 153.
3, 17
What are the prime factors of 5117?
7, 17, 43
List the prime factors of 38745.
3, 5, 7, 41
List the prime factors of 9911.
11, 17, 53
What are the prime factors of 1113?
3, 7, 53
What are the prime factors of 44467?
53, 839
What are the prime factors of 12516?
2, 3, 7, 149
What are the prime factors of 44747?
29, 1543
What are the prime factors of 107206?
2, 11, 443
What are the prime factors of 72049?
109, 661
List the prime factors of 1008.
2, 3, 7
What are the prime factors of 2510?
2, 5, 251
List the prime factors of 54408.
2, 3, 2267
List the prime factors of 6671.
7, 953
List the prime factors of 3.
3
What are the prime factors of 143?
11, 13
What are the prime factors of 8761?
8761
List the prime factors of 651.
3, 7, 31
List the prime factors of 235.
5, 47
List the prime factors of 655.
5, 131
List the prime factors of 6850.
2, 5, 137
What are the prime factors of 7364?
2, 7, 263
List the prime factors of 18095.
5, 7, 11, 47
What are the prime factors of 9225?
3, 5, 41
What are the prime factors of 918?
2, 3, 17
List the prime factors of 56326.
2, 28163
What are the prime factors of 1256?
2, 157
List the prime factors of 4448.
2, 139
What are the prime factors of 28193?
11, 233
List the prime factors of 13206.
2, 3, 31, 71
What are the prime factors of 1553?
1553
List the prime factors of 67.
67
What are the prime factors of 10338?
2, 3, 1723
List the prime factors of 353.
353
List the prime factors of 361.
19
List the prime factors of 1554.
2, 3, 7, 37
List the prime factors of 867.
3, 17
List the prime factors of 4900.
2, 5, 7
What are the prime factors of 5379?
3, 11, 163
What are the prime factors of 968?
2, 11
What are the prime factors of 1894?
2, 947
List the prime factors of 4357.
4357
What are the prime factors of 108751?
108751
List the prime factors of 3362.
2, 41
What are the prime factors of 22532?
2, 43, 131
List the prime factors of 4760.
2, 5, 7, 17
What are the prime factors of 333?
3, 37
List the prime factors of 23324.
2, 7, 17
List the prime factors of 67111.
11, 6101
What are the prime factors of 1229?
1229
List the prime factors of 72.
2, 3
What are the prime factors of 5253?
3, 17, 103
What are the prime factors of 120841?
7, 61, 283
What are the prime factors of 153813?
3, 11, 59, 79
List the prime factors of 7847.
7, 19, 59
List the prime factors of 111723.
3, 167, 223
List the prime factors of 1411.
17, 83
List the prime factors of 3773.
7, 11
List the prime factors of 14031.
3, 1559
List the prime factors of 1398.
2, 3, 233
What are the prime factors of 7600?
2, 5, 19
List the prime factors of 18104.
2, 31, 73
List the prime factors of 31435.
5, 6287
List the prime factors of 40399.
71, 569
What are the prime factors of 11770?
2, 5, 11, 107
What are the prime factors of 20960?
2, 5, 131
List the prime factors of 155533.
7, 17, 1307
What are the prime factors of 13578?
2, 3, 31, 73
List the prime factors of 1072.
2, 67
List the prime factors of 3884.
2, 971
List the prime factors of 35121.
3, 23, 509
What are the prime factors of 6230?
2, 5, 7, 89
What are the prime factors of 990?
2, 3, 5, 11
What are the prime factors of 16804?
2, 4201
What are the prime factors of 9188?
2, 2297
List the prime factors of 13028.
2, 3257
What are the prime factors of 122759?
7, 13, 19, 71
List the prime factors of 801.
3, 89
What are the prime factors of 3405?
3, 5, 227
What are the prime factors of 2112?
2, 3, 11
What are the prime factors of 1258?
2, 17, 37
List the prime factors of 1783.
1783
What are the prime factors of 2714?
2, 23, 59
What are the prime factors of 90289?
90289
What are the prime factors of 2854?
2, 1427
What are the prime factors of 73058?
2, 36529
What are the prime factors of 8682?
2, 3, 1447
List the prime factors of 1384.
2, 173
List the prime factors of 75351.
3, 25117
List the prime factors of 3770.
2, 5, 13, 29
List the prime factors of 5161.
13, 397
List the prime factors of 10154.
2, 5077
List the prime factors of 3855.
3, 5, 257
List the prime factors of 41301.
3, 13, 353
What are the prime factors of 14299?
79, 181
List the prime factors of 2544.
2, 3, 53
List the prime factors of 603.
3, 67
List the prime factors of 66.
2, 3, 11
List the prime factors of 1353.
3, 11, 41
List the prime factors of 1737.
3, 193
What are the prime factors of 791?
7, 113
List the prime factors of 11327.
47, 241
List the prime factors of 4333.
7, 619
What are the prime factors of 2682?
2, 3, 149
List th